 4*j - 3*x = j + 2526. Suppose -23*b = 104 - j. Let y(f) = -144*f. Let m be y(-1). What is the greatest common factor of m and b?
16
Let p be 10/(-4)*2 + 80/4. Calculate the greatest common divisor of p and 17010.
15
Let z = -581 + 590. Suppose -2*c - 84 = -z*c. What is the greatest common factor of c and 384?
12
Let m(t) = t**2 + 7*t - 49. Let d be m(5). Let s(q) = -q**3 + 13*q**2 - 24*q + 24. Let k be s(d). What is the highest common factor of 18 and k?
2
Let k be 56/9 + 4/(-18). Suppose 9*j + 291 - 168 = 285. Calculate the greatest common factor of k and j.
6
Let n(t) = -8 - 263*t + 210*t - 391*t. Let l be n(-3). Suppose -6*k - 34 = -l. What is the highest common divisor of 86 and k?
43
Let t(v) = v**3 + 11*v**2 + 11*v + 13. Let c be t(-10). Suppose d = 6*d + c*n - 506, 302 = 3*d + n. Calculate the highest common factor of 60 and d.
20
Let v = 661 + -527. Let c = v + 125. What is the highest common factor of c and 74?
37
Suppose -2*f + 1988 = -6*s + 4*s, 4*f - 3976 = 5*s. Calculate the highest common divisor of 14 and f.
14
Suppose 0 = -3*p - r + 1007, -3*r = 2*p - 889 + 213. Let c = p + -75. What is the highest common factor of c and 20?
20
Let s(w) = w**2 + 1. Suppose 17 = i + 15. Let k be s(i). Suppose k*x - 732 = x - 2*z, -2*z = 3*x - 550. Calculate the highest common factor of x and 14.
14
Let x(l) = 2*l**3 + 5*l**2 - 2*l + 6. Let y be ((-2)/4)/((-1)/(-6)). Let z be x(y). Let c = z - 2. What is the highest common factor of c and 1?
1
Let k be 1509/4 + (-3)/12 - 0. Let j = -4161 + 4190. Calculate the highest common divisor of k and j.
29
Suppose -69*h + 72*h = 33. Let w = 39 + -23. Let s = w - 15. Calculate the highest common divisor of h and s.
1
Let k(c) = 9*c**2 + 70*c - 798. Let h be k(13). Calculate the highest common divisor of h and 23.
23
Suppose -6*w + 92 = 8. Let d = w + -12. Suppose -d*s + 6*s - 208 = 0. Calculate the highest common factor of s and 13.
13
Suppose 184 = 2*q + 4*u, -3*q + u = -182 - 108. Calculate the highest common factor of q and 12.
12
Let z(p) = -5*p - 50. Let a be z(-11). Suppose -4*u = a*q - 1489, -u + 244 + 117 = -q. Calculate the highest common divisor of u and 6.
6
Let c be 4/1 + 2180/110 + 6/33. Calculate the greatest common divisor of 1038 and c.
6
Suppose 0*r + 1680 = 16*r. Let k be (-1 - 4256/(-30)) + 14/r. What is the highest common factor of k and 235?
47
Let o(x) = 2*x**2 - 141*x + 755. Let m be o(65). What is the greatest common divisor of 2520 and m?
40
Let x be -76*((-3)/6)/((-2)/(-118)). Suppose x*i - 54 = 2236*i. What is the highest common divisor of 2 and i?
1
Suppose o - 6*y = -10*y + 839, -2*o + 1711 = -3*y. What is the greatest common divisor of 37 and o?
37
Suppose -b + 17 = 2*k - 15, 4*k + 3*b - 68 = 0. Suppose -101 - 165 = -k*r. What is the highest common factor of r and 171?
19
Let s be 120 - 96 - 1*(-2)/(-2). Let o be 996 + 21*3/(-9). What is the greatest common divisor of o and s?
23
Let a be 288/(-27) + 11 - (-7238)/3. What is the highest common divisor of 1016 and a?
127
Let f be 57/19 - 44/(-2). Suppose q = 2*s + 792, 389 = 4*q + s - 2815. Calculate the highest common factor of f and q.
25
Suppose 3*p - 2*p - 16 = 4*b, 5*b = 2*p - 47. Suppose -j + 241 = -5*c - 93, 0 = -5*j - c + 1618. Calculate the greatest common divisor of p and j.
36
Let v(u) = -323*u + 177. Let t be v(-6). Suppose -693 = -12*r + t. What is the highest common divisor of 18 and r?
18
Let j be (-423)/(-18) + (-2)/4. Let i be (630/(-153) - 4/(-34)) + j. What is the greatest common divisor of i and 57?
19
Suppose -4*f = -2*k + 88, 7*f = -k + 2*f + 44. Let j(m) = -m**3 + 6*m + 220. Let h be j(0). Calculate the highest common divisor of k and h.
44
Suppose 0 = -5*q - 5*r + 495, 3*r + 17 - 14 = 0. Suppose -4*z - 3*p - 4 = -87, 3 = 3*p. What is the highest common factor of q and z?
20
Suppose -119 = -4*k - 3*g, -189 = -6*k - 54*g + 51*g. Suppose -l + 1365 = 2*l. Calculate the highest common factor of l and k.
35
Let g(u) = u**3 + 8*u**2 - 4*u + 5. Let f be g(5). Suppose 128*r - 80*r + 3472 = 76*r. What is the greatest common divisor of r and f?
62
Suppose 0 = -10*h + 953 + 1007. Suppose -5*q + 469 = 3*a, 4*q - 4*a + h = 6*q. What is the greatest common divisor of 16 and q?
4
Let f(n) = 403*n**2 + 6. Let j be f(1). Let s = j - 334. Calculate the highest common divisor of 125 and s.
25
Let g(v) = -v**3 - 64*v**2 + 264*v + 215. Let p be g(-68). Calculate the highest common divisor of p and 396.
33
Let z = 67 - 19. Suppose 6*g + 31 = 199. Suppose -g*q - 36 = -40*q. Calculate the greatest common factor of q and z.
3
Let g be 19 + (26/221 - 2/17). Suppose k + q - 24 = g, 0 = 2*k - 4*q - 56. Calculate the greatest common factor of k and 418.
38
Let u = 62 + 30. Let h = u - 72. What is the highest common factor of h and 160?
20
Suppose -27*t + 22 + 1193 = 0. What is the greatest common factor of t and 81?
9
Suppose 6*m - 2136 = 2*m. Let w = m - 430. What is the greatest common factor of w and 143?
13
Let f(t) = 345*t + 3402. Let a be f(-9). Suppose 200 + 205 = 5*y. Calculate the highest common divisor of a and y.
27
Suppose 3*g = 3*s - 9 - 6, 3*g + 4*s - 20 = 0. Suppose -5*v - 3*q + 35 = g, v - q - q = -6. What is the highest common divisor of 84 and v?
4
Let a = 30370 - 30343. What is the highest common factor of a and 2817?
9
Suppose -4*o + 33771 = 3*s, o - s - 8440 = s. What is the highest common divisor of o and 18?
18
Let p be -5 + (38 - (-182)/14). What is the greatest common factor of 138 and p?
46
Let d(i) = -i - 8. Let m be d(-15). Suppose f - 3*u = 210, 3*f - m*f - 4*u + 920 = 0. What is the highest common factor of 18 and f?
9
Let r = 51 - 36. Let j be 8/(-2)*(-2)/((-20)/(-15)). Calculate the highest common divisor of r and j.
3
Let s = 2155 + -1742. What is the highest common factor of s and 1711?
59
Let i = -8971 + 9043. Let b be ((-8)/(-10))/((44/40)/11). What is the highest common factor of b and i?
8
Suppose -3*f + 5*n - 548 = 0, n + 2*n = 3*f + 546. Let x = -121 - f. What is the highest common divisor of x and 12?
12
Suppose 8*g - 11*g - 38*g = -6150. Calculate the greatest common divisor of 720 and g.
30
Let y(r) = 4*r**3 - 156*r**2 - 154*r - 114. Let n be y(40). Let b be (-36)/8*-1*2. Calculate the greatest common divisor of n and b.
9
Suppose -2979 = -3*k - 3*o, k + 3*k - 5*o - 3936 = 0. Calculate the highest common divisor of k and 115.
23
Let d be 1 + -2 + (-3 - -13). Let s(z) = 6 + 2 - 9 + 10 + d*z. Let t be s(5). Calculate the highest common divisor of 36 and t.
18
Let l = 479 + -129. Suppose -2*y - 3*v = -182, 8*v = -4*y + 9*v + l. Calculate the greatest common divisor of y and 99.
11
Let n be ((-3)/6)/(4/864). Let y be (n/8)/(3/(-6)). Let f be 43 - (144/(-56) + (-4)/(-7)). Calculate the highest common divisor of y and f.
9
Let w(s) = 3*s - 20. Let k = 38 - 31. Let t be w(k). Let x be (3 - t) + (-850)/(-17). What is the highest common divisor of x and 13?
13
Let h be (-8901)/(-27) + 9/(20 + 7). What is the highest common divisor of 30 and h?
30
Let u(p) = 5*p - 7. Let t be u(2). Suppose t*o - 3*w - 450 = -0*w, 0 = -5*o - 3*w + 766. Calculate the highest common factor of 24 and o.
8
Suppose 3*i + w - 189 = 0, -4*w + 210 = 5*i - 119. What is the highest common divisor of 61 and i?
61
Let p be 15 + -13 + -16*23. Let d = p - -367. What is the highest common divisor of 2 and d?
1
Let f be (-32)/10*210/(-12). Let h = -45 + 57. Suppose 0 = -x - 4*b + h, -3*x + 11 = -x - 5*b. Calculate the highest common divisor of f and x.
8
Let m = -31333 + 31709. What is the greatest common divisor of m and 56?
8
Let g(z) = -22*z**3 - 2*z**2 + 10*z - 68. Let p be g(-8). What is the highest common factor of 536 and p?
268
Let o(z) = -75*z**3 - z**2 - 13*z - 12. Let t be o(-1). Let y = 28 - -2. Let v = t - y. What is the highest common factor of 9 and v?
9
Let c(b) = 13*b + 6. Let p be c(6). Let x = -7216 - -7272. What is the greatest common divisor of x and p?
28
Let j be 200/(-16)*(-52)/10. Calculate the greatest common divisor of j and 2795.
65
Let q be 384 + (-2)/(-10) + 266/95. Suppose 19*f - q = 16*f. Let j = 133 - f. What is the greatest common factor of 4 and j?
4
Let o be 6/(-63) + (-45125)/(-399). Let z = o + -101. Calculate the greatest common divisor of 126 and z.
6
Let w(n) = 8*n**2 - 2*n - 6. Let k(i) = 